0 = -2*c. What is the remainder when c is divided by 13?
12
Suppose 0 + 16 = 4*a. Calculate the remainder when 34 is divided by a/(8/22) - -1.
10
Suppose j - 12 = -4. Calculate the remainder when j is divided by (0 - -1) + 0 + 4.
3
Calculate the remainder when 70 is divided by (18/8)/((-2)/(-16)).
16
Let k = 8 - -5. Let g be 6/1*-1*-1. Suppose 5*i + f = 182, g*f = 2*f - 12. What is the remainder when i is divided by k?
11
Suppose 4*o = -2*d + 10 + 4, -o = 4*d - 21. Suppose -n = 4*n + 2*l - 149, -15 = d*l. Let t = -26 + 37. What is the remainder when n is divided by t?
9
Suppose -a - 4*m + 24 = 1, -4*a + m = -24. Let v = -2 + 0. Let i(b) = b**2 + 2*b + 2. What is the remainder when a is divided by i(v)?
1
Let m(w) = -1. Let i(z) = -2*z + 16. Let t(o) = -i(o) - 10*m(o). What is the remainder when -2*3/(-6) - -2 is divided by t(4)?
1
Let a(y) = -2*y - 1. Let j be (-2)/(-3*(-2)/(-9)). Let k = -3 - j. Calculate the remainder when 31 is divided by a(k).
9
Suppose -83*w + 105 = -78*w. What is the remainder when 60 is divided by w?
18
Let f be (-9)/18 + 30/(-4). Let y = 19 + f. What is the remainder when 31 is divided by y?
9
Let d = 13 + 19. Suppose -2*c = -2*h - 6, c + h = -3*h - 12. Suppose -13 = -q - 4*b, -4*q + c*b + 5*b + 73 = 0. Calculate the remainder when d is divided by q.
15
Let z(m) be the second derivative of 5*m**3/6 - 3*m**2 + m. Suppose q - 6*q + 35 = 2*l, -3*q + 21 = l. What is the remainder when z(q) is divided by 10?
9
Let c = 36 - -123. What is the remainder when c is divided by 41?
36
Suppose -7*p + 13 = -43. What is the remainder when 53 is divided by p?
5
Suppose 5*w = 153 - 18. Let f = 8 - 1. Calculate the remainder when w is divided by f.
6
Suppose 0 = -3*n - 15, 0 = -4*p + 4*n + n - 15. Let m be 275/(-10)*8/p. Let x = m - 15. What is the remainder when x is divided by 4?
3
Let t be 0*(-2)/4*1. Suppose -5*i = -2*b - 65, 0 = -2*i - 3*b - t + 26. What is the remainder when (-1328)/(-56) + (-2)/(-7) is divided by i?
11
Let m(z) = 25*z**2 + 3*z - 1. Calculate the remainder when m(-2) is divided by 32.
29
Let f be (-6)/(-10) - 34/(-10). Suppose 8 = r - 4*r - f*c, -25 = 5*c. Suppose -11 = -3*m + a + r*a, 4*a = 8. What is the remainder when 25 is divided by m?
4
Suppose 2*h + h - 5*c + 12 = 0, 0 = -h - 4*c - 21. Let k = -6 - h. Calculate the remainder when k is divided by 3.
0
Let j = 83 + -48. Calculate the remainder when 67 is divided by j.
32
Let i be 24/9*(-6)/(-4). Suppose 0 = -i*v + 419 - 127. Suppose -4*f = -v - 51. Calculate the remainder when f is divided by 8.
7
Let a(j) = j**3 - 2*j**2 + 7. Calculate the remainder when 57 is divided by a(3).
9
Let p(x) be the first derivative of -x**4/4 - 5*x**3/3 + 2*x**2 + 6*x + 5. Calculate the remainder when 33 is divided by p(-6).
15
Suppose 2*v + 6 = 0, 2*r - 3 = -4*v + 7. Let p = r - 5. Calculate the remainder when 9 is divided by p.
3
Suppose -w - 104 = 2*c, 2*c + 3*w + 0*w + 104 = 0. Let j = -31 - c. What is the remainder when 61 is divided by j?
19
Let h be (1/(-4))/(5/(-20)). Suppose -4*g = 3*i - h + 3, g - 4*i = 9. Calculate the remainder when 2 is divided by g.
0
Let q = -18 + 26. Let f(m) = m - 3. Let x be f(5). Calculate the remainder when 52 is divided by ((-9)/x)/((-2)/q).
16
Suppose 2*u - t = 78, 4*u - 4*t = -3*t + 158. What is the remainder when u is divided by 21?
19
Let y(k) = -9*k**3 + k**2 + k. Let i be y(-1). Suppose 4*l + 3*d - i = 76, 2*l - 5*d = 23. Calculate the remainder when l is divided by 10.
9
Suppose 0 = -2*r - 0*r + 66. What is the remainder when r is divided by 6?
3
Let l(p) = p**3 - 5*p**2 + p - 4. Let j be -12*((-6)/(-9) - 1). Suppose 0*k + 3*k = -j*b + 3, 0 = k + b - 1. What is the remainder when k is divided by l(5)?
0
Suppose 0 = 5*b + 4*s - 149, -5*b + 140 = -0*b - 5*s. Calculate the remainder when 86 is divided by b.
28
Let f(b) = -2*b + 8. Let y(h) = h**3 - h**2 - h - 6. Let q be y(0). Let g(d) = d**3 + d**2 + d + 7. Calculate the remainder when f(q) is divided by g(0).
6
Suppose 57 - 24 = 3*c. Calculate the remainder when 95 is divided by c.
7
Let d(v) = v**2 - 3*v + 13. Suppose n + 3*o - 10 = 2, o + 35 = 4*n. Calculate the remainder when d(n) is divided by 23.
21
What is the remainder when 15 + 5 + 1 + -3 is divided by 4?
2
Let r(m) = -m**3 - m**2 + m + 3. Let b be r(0). Let v = 3 + b. Calculate the remainder when 10 is divided by v.
4
Let o(p) = p + 37. Suppose -15 = -5*c - 0*c. Let r(l) = l**3 - 2*l**2 + l + 1. Calculate the remainder when o(0) is divided by r(c).
11
Suppose -5*l + 0*l = -25. What is the remainder when 13 is divided by l?
3
Let m = -10 + 17. What is the remainder when 21 is divided by m + -5 - (-9 - 0)?
10
Let k = 10 - 6. Suppose -3*w + 2*w = 4*h - 37, -h = k*w - 118. What is the remainder when w is divided by 15?
14
Let b(r) = r + 4. Let i be b(-6). Let q = 37 + i. What is the remainder when q is divided by 12?
11
Suppose -h - 26 = -3*h. Let i = 17 - -8. What is the remainder when i is divided by h?
12
Let r(n) = n**3 + 3*n**2 - 4*n. Calculate the remainder when 47 is divided by r(2).
11
Let l(t) = 2*t**2 - 3*t - 3. Let i = 64 - 33. What is the remainder when i is divided by l(-2)?
9
Suppose -6*b + 8 = -2*b. Let j be b/8 - 7/(-4). Suppose j*s = -5*m + 134, 4*s - 186 = -3*m + 82. What is the remainder when s is divided by 23?
21
Calculate the remainder when (88/(-20))/(4/(-10)) is divided by 2.
1
Let f = -9 + 18. Let y(g) = 2*g**2 - 2*g - 15. Calculate the remainder when y(5) is divided by f.
7
Suppose -2*y = -0*y + 3*k + 2, 4*k + 16 = 0. What is the remainder when 69 is divided by y?
4
Let h = 183 - 122. Let f = h - 14. Calculate the remainder when f is divided by (0 - 1)/((-3)/48).
15
Suppose 0 = -p + a + 1 + 9, 3*a = 15. Let t be 4/(-10) + (-84)/p. Let y = 16 + t. Calculate the remainder when 18 is divided by y.
8
Suppose 4*s = -a + 35, 6*s = 2*s + 20. What is the remainder when 28 is divided by a?
13
What is the remainder when 174/10 - (-48)/(-120) is divided by 6?
5
Suppose -4*w + 122 = -2*p, 7*p + 15 = 2*p. What is the remainder when 86 is divided by w?
28
Let z(s) = -s**3 - 5*s**2 + 2*s - 3. What is the remainder when z(-7) is divided by 21?
18
Suppose 2*h = -3*q + 33, 5*q - 33 = 2*q + 2*h. What is the remainder when 30 is divided by q?
8
Suppose 7 + 17 = 4*r. Suppose n - 8 = 2*o + 23, -5*n - 4*o + 99 = 0. What is the remainder when n is divided by r?
5
Let b be (-2)/(-6) + (-203)/(-21). Let t = -5 + b. What is the remainder when t is divided by 3?
2
Suppose -8 = -3*o - o. Suppose 7 - 19 = -3*b. Suppose -r + 1 - 14 = -b*j, 2*j + 6 = -o*r. What is the remainder when 5 is divided by j?
1
Suppose 4*h - 28 = -3*y, h + 2*y + 3*y + 10 = 0. Calculate the remainder when 18 is divided by h.
8
Let h(j) = 2*j**3 + 2*j**2 - 3*j + 1. Suppose l - 4 = -l. Suppose -2*g + 10 = l*b - 4*g, 3*b + g = 23. Calculate the remainder when h(2) is divided by b.
5
Suppose -3*w + 27 = -5*d, -d - 4*d = -w + 19. What is the remainder when 25 is divided by 225/33 - w/(-22)?
4
Suppose -4*g = -0*g + 128. What is the remainder when (-5 + 0)*g/5 is divided by -1 + 4 + -2 + 10?
10
Suppose -7 = -3*w + 2*w. Calculate the remainder when 17 is divided by w.
3
Let s(q) be the third derivative of q**5/60 + 3*q**4/8 - 3*q**3/2 - 3*q**2. Suppose -4*b + 11 + 1 = 0. What is the remainder when b is divided by s(-10)?
0
Let k(x) = 22*x**2. Let m(s) = -s**3 - 7*s**2 - 6*s + 6. Calculate the remainder when k(-1) is divided by m(-6).
4
Let c(v) = 5*v**2 + 3. Calculate the remainder when 91 is divided by c(2).
22
Let w(d) = 38*d - 1. What is the remainder when w(1) is divided by ((-45)/9)/(2/(-4))?
7
Suppose 2*v - 3*b = 705 - 282, 0 = -5*b - 25. Suppose 3*y - 1 - 14 = 0, 3*l - v = 3*y. What is the remainder when l is divided by 25?
23
Let c = 39 - 11. Calculate the remainder when c is divided by (-14 - 1)/((-1)/1).
13
Let f(z) = 2 + 7*z - 19*z - 5*z. Let g(d) = -2*d - 6. What is the remainder when f(-4) is divided by g(-15)?
22
Let x(m) = -m**2 - 5*m. Let d = 3 + -7. What is the remainder when 1*1*-11*-1 is divided by x(d)?
3
Suppose -33 = 52*f - 55*f. Suppose 24 = 5*w - 2*y - 91, 2*w + 5*y = 17. What is the remainder when w is divided by f?
10
Let b(u) = -3*u - 1. Let q be b(-2). What is the remainder when 66 is divided by ((-5)/(q/34))/(-2)?
15
Let v = 74 - 18. Le